). Suppose -4*o + n - 29 = 0. Calculate y(o).
-9
Let m(w) = -w**2 + 3*w + 1. Let p be -2 - (-24)/4 - 0. Determine m(p).
-3
Let w = -26 - -21. Let t(x) be the first derivative of -x**4/4 - 4*x**3/3 + 3*x**2 + x + 1. Give t(w).
-4
Let t(f) = -1 + 3 + f**2 + f - 1 + f**3. Let d be t(-1). Let x(w) = -203*w**2 + 10 + 202*w**2 + 0. Give x(d).
10
Let a(h) be the first derivative of -h**4/2 + 2*h**3/3 - 3*h**2/2 + 3*h - 1. Let c(m) = m**3 + 5*m**2 - 2*m - 3. Let k be c(-6). Let u = k + 29. What is a(u)?
-11
Suppose 4*u - 6*u = 0. Let t(x) be the second derivative of x**4/12 - x**3/6 + 3*x**2 + 20*x. Calculate t(u).
6
Suppose 7*w + 14 = 3*q + 3*w, 4*w + 8 = 0. Let p(b) be the second derivative of q*b + 0 + 3/2*b**2 - 1/6*b**3. Determine p(2).
1
Let g(v) = -v**2 - 3*v + 2. Suppose 20 = -x + 5*x. Let z = 1 - x. Give g(z).
-2
Let b(o) = -1. Let z(p) = p**2 + 6*p + 3. Let i(x) = -4*b(x) + z(x). Let l(u) = 3*u + 4. Let j = -37 + 34. Let q be l(j). Calculate i(q).
2
Suppose 0 = -a + 3*p + 27, 21 = -4*p + 1. Suppose 0 = -2*k - k + a. Let c(l) = l**3 - 6*l**2 + 7*l - 4. Give c(k).
-8
Suppose r - 12 = -r. Suppose -2*p - 4*u - r = -0*u, 3 = -p - u. Let z(c) = 3*c + 4. Calculate z(p).
-5
Let j = -3 + 1. Let s(l) = -7*l**2 + 6*l + 6. Suppose -23 = -4*p - 3. Let q(m) = 6*m**2 - 5*m - 5. Let h(o) = p*s(o) + 6*q(o). Determine h(j).
4
Let u(c) = -4*c**2 - 2*c + 1. Let t(o) = -o. Let p(b) = -2*t(b) + u(b). Let v be 0 + 0 - 0/1. Let h(g) = g**3 - g + 1. Let n be h(v). Determine p(n).
-3
Let v = 129 - 130. Let d(y) = -12*y - 4. Let i(f) = 3*f + 1. Suppose 2*l - 3 = 15. Let a(z) = l*i(z) + 2*d(z). Give a(v).
-2
Suppose 0*n = 4*n - 8. Let p(d) = d**3 + d**n - 5*d + 4 + 3*d**2 + 0*d**3. Calculate p(-5).
4
Let s(k) = -k**3 - k**2 - 7. Let n(i) = i**3 + i**2 + 6. Let v(a) = 6*n(a) + 5*s(a). Suppose 2*h + 2 = -3*u, -4*u + 5*h - 9 = 9. What is v(u)?
-3
Let a(q) = -q**3 - 4*q**2 + 2*q + 2. Suppose 119 = -6*n + 95. Calculate a(n).
-6
Let y(t) = -7*t. Let v(x) = -6*x. Let a(w) = 4*v(w) - 3*y(w). Give a(6).
-18
Let d(c) = -3*c**2 - 5*c - 1. Let u(n) = 16*n**2 + 26*n + 5. Let q(r) = -11*d(r) - 2*u(r). Let j(h) = -h**2 - 8*h - 9. Let v be j(-7). What is q(v)?
-1
Let m(t) = t**3 - 5*t**2 + 2. Let n be 2*7/(7/2). Calculate m(n).
-14
Let x(s) = 2*s + 4. Let p = -12 - -9. What is x(p)?
-2
Let g be (-9)/1 + 4/(12/9). Let y(t) = t**3 + 6*t**2 - 2*t - 3. Give y(g).
9
Let k(t) be the first derivative of t**3/3 + 2*t**2 - 3. Let q(f) = -f**3 + f**2 + f - 9. Let v be q(0). Let i = v + 5. Give k(i).
0
Let h(p) be the first derivative of p**2/2 + 10*p + 13. What is h(0)?
10
Let w be (1 + 0 - 1) + -1. Let d(n) = -4*n**3 - 1. Determine d(w).
3
Let a(b) be the first derivative of 1/40*b**5 + 0*b**2 - b**3 + 0*b + 1/24*b**4 - 1. Let f(w) be the third derivative of a(w). What is f(-2)?
-5
Let l(s) = -s**2 + 1. Suppose -5*b = -10*b. Suppose b*v + 8 = -4*v. What is l(v)?
-3
Let q(u) be the third derivative of u**6/120 + u**5/30 - u**4/6 - u**3/3 - 2*u**2. Let n be (-2)/(-2)*(-6 - -3). Calculate q(n).
1
Let a be 2/7 - 12/(-7). Let u(o) = -o**2 - 5*o + a*o + 5*o. Suppose 0 = s - 3*y - 12, 2*y + 0*y - 3 = -3*s. What is u(s)?
-3
Let f be (-2)/(-2) + -3 + 6. Suppose 0 = q + 3 - 5. Let l(a) = -q - 3 + a + 1. Determine l(f).
0
Let q(u) = -u - 4. Let k be q(-5). Let w = 1 - 2. Let m = w - k. Let i(v) = -v**3 - 5*v**2 - 2*v + 1. Give i(m).
-7
Let h(b) = 5*b - 10*b - 3*b - 4 + 6*b. Let c = 3 + -6. What is h(c)?
2
Let d(z) be the third derivative of z**4/12 - 7*z**3/6 + z**2 + 17*z. What is d(5)?
3
Let l be ((-50)/35)/(-5) - 15/(-21). Let s(r) = -2*r**2 - r**3 - r + 4*r**3 + 2*r. What is s(l)?
2
Let d(b) be the first derivative of 3*b**2/2 - 4*b - 24. What is d(3)?
5
Let a(r) = -6 + 11*r - 4*r**2 - r**3 + 16*r - 29*r. Calculate a(-4).
2
Let w(k) = -k**2 - 6*k - 5. Let y be w(-5). Suppose -2*b + 8 = 3*a, y*a = 5*a. Let j(u) = u - 2. Determine j(b).
2
Let r(k) = k**3 - 3*k**2 - 2*k - 2. Let s be (-2)/(6/4 + -2). What is r(s)?
6
Let h(i) be the third derivative of -i**4/12 - 5*i**3/6 + 3*i**2. Give h(-4).
3
Let c(n) = -4*n. Let w(j) = -3*j + 1. Let l(z) = 4*c(z) - 5*w(z). Determine l(-5).
0
Let f(b) = -b**3 - 4*b**2 - b - 2. Let c = -22 + 18. Determine f(c).
2
Let p(t) = -t**3 + 5*t**2 + 7*t. Let f(j) = j**3 - 19*j**2 - 20*j + 6. Let g be f(20). Determine p(g).
6
Let g(h) = -7*h - 5. Let x(m) = -20*m - 15. Let i(q) = -8*g(q) + 3*x(q). What is i(-5)?
15
Let s be (66/(-88))/((-1)/(-8)). Let n(j) = 2*j. Calculate n(s).
-12
Let p(v) be the third derivative of v**5/60 - v**4/4 - v**3/2 - 24*v**2. What is p(6)?
-3
Let z(q) = q**3 + 7*q**2 + 3*q + 7. Suppose 0*b - 5*d + 20 = -5*b, -d = 3. Determine z(b).
-14
Let d(a) = a**3 + a**2 + a + 5. Let v be (2/1 - 3) + 3. Suppose 4 = v*z - 4*z. Let j be -1 - -1 - (z - -2). What is d(j)?
5
Let c(s) = -s + 2. Let a be c(1). Let t(w) = w**2 - 3*w + 5*w - 1 - 6*w**2. What is t(a)?
-4
Let m(k) = k**3 - 4*k**2 - 8*k + 7. Suppose -6*j + 5 = -j. Let s be (-2 + 2)/(j - 0). Suppose 16 = 4*v - s*z - z, 2*v - z = 6. What is m(v)?
-8
Let u = 133 - 136. Let v(l) = l**3 + 2*l**2 - l + 2. Give v(u).
-4
Let m(b) = 2*b**2 - 13*b - 5. Let s(q) = q**2 - 6*q - 2. Let y(x) = -2*m(x) + 5*s(x). Determine y(6).
12
Let t(b) = 1 + 3*b**2 - 26*b**2 + 2*b + 1 - 3. What is t(1)?
-22
Let d(v) = -1 + 4*v - 9*v + 10*v. Determine d(-2).
-11
Let i(n) = -n**3 - 5*n**2 + n - 6. Let y = 6 - 10. Let g = -1 + y. What is i(g)?
-11
Let w(y) = 4*y - 1. Let s(u) be the third derivative of -u**4/8 - u**2. Let a(d) = -3*s(d) - 2*w(d). Let z be (5/1)/(-1)*1. Calculate a(z).
-3
Let s(b) be the second derivative of -1/12*b**4 + 0*b**3 + 1/2*b**2 + 2*b + 0. What is s(1)?
0
Let j(h) = -h**2 + 3*h. Let q be j(2). Suppose 0 = q*n + n + 15. Let x(g) = -g**2 - 6*g + 3. Give x(n).
8
Let l(d) = -3*d**2 + 110*d + 152. Let s be l(38). Let n(y) be the first derivative of 1 - y + 1/3*y**3 + 0*y**2. Give n(s).
-1
Let l = -7 + 5. Let c be 5 - l - 1 - 2. Let j(i) = 2*i + 1. What is j(c)?
9
Let b(l) be the third derivative of l**5/60 + l**4/6 + l**3/3 + 9*l**2. What is b(-3)?
-1
Let d = 0 - -2. Let j(y) = y + 8. Let k be j(-6). Let n(i) = 2 - 2*i**2 + i**k + 0*i**2. What is n(d)?
-2
Let h(t) = -t - 2. Let b(r) = r**2 - 4*r + 4. Let f be b(4). Suppose -f*q - 24 = -4. Let w be 24/15 - 2/q. Determine h(w).
-4
Let r(u) = u**3 + 4*u**2 - 2*u - 4. Let p be r(-4). Let d = p - 7. Let j(q) = q - 1. Give j(d).
-4
Suppose -4*x + 1 + 0 = 3*u, 0 = -4*u - 4*x + 8. Let m(f) = -f**3 + 8*f**2 - 7*f + 3. Give m(u).
3
Let i = 4 + -1. Suppose i - 11 = -2*r. Let p be (-4)/(-2) - 28/r. Let x(v) = v + 1. What is x(p)?
-4
Let a(d) = -d**3 + d**2 + d + 3. Let n(y) = -5*y - 25. Let v be n(-5). Give a(v).
3
Suppose 2*q = -10, -3*q - 14 = a + 4. Let m(k) be the second derivative of -k**4/12 - k**3/2 - k**2/2 - 2*k. What is m(a)?
-1
Let r(f) = -f**2 - 6*f + 3. Let m be r(-6). Let o(n) = 5*n - 3*n + 4 - m*n. Calculate o(-3).
7
Let t(r) = 3 + 17*r - 16*r + 0. Calculate t(0).
3
Suppose -3*o = 5*t + 31, t + 6 = -2*t. Let k(u) = u**3 + 8*u**2 + 5*u - 3. Determine k(o).
11
Let s(h) = -2*h + 3. Let x = 10 + -11. Let r(c) = -c + 1. Let t(m) = x*s(m) + 5*r(m). What is t(3)?
-7
Let h be (-2)/(-8) + 210/56. Let m(b) = b**2 - 3*b + 3. What is m(h)?
7
Let t(c) = c**2 - 1. Let d be t(2). Suppose -11*q + 14*q - 9 = 0. Let x(n) = 3*n - 5*n + 1 - q + d*n. Determine x(0).
-2
Let p(k) = 5*k - 3. Let d be (3 - 2)/((-1)/(-3)). Suppose 2 + 1 = d*w. Suppose -w = z - 2, 3*b + z = 7. Give p(b).
7
Let v(n) = n + 1. Let u be v(-1). Suppose u = -p - 2*a - 11, 2*p + 0*p - 3*a = 6. Let y(o) = o - 1. Let s be y(p). Let x(d) = d**2 + 3*d + 2. Calculate x(s).
6
Let h(z) = 9*z**2 + z - 1. Suppose -2*x + 70 = 68. Determine h(x).
9
Let z(u) = 5*u + 9. Let m(o) = o + 1. Let h = 1 + -1. Suppose h = 6*k - 4*k + 8. Let a(q) = k*m(q) + z(q). Calculate a(-5).
0
Let u(i) = -9*i - 4. Let h(n) = -19*n - 8. Let d(p) = 6*h(p) - 13*u(p). Let k(l) = 16*l + 20. Let y(x) = -11*d(x) + 2*k(x). Determine y(-5).
1
Let q be (1 - 0)/((-2)/10). Let m(p) = -p**2 - 6*p - 7. Determine m(q).
-2
Let v(u) be the first derivative of u**4/4 - 4*u**3/3 - 5*u**2/2 - 2*u + 4. Calculate v(5).
-2
Let b(a) = a - 5. Let d = 9 - 3. Let h(q) = 1. Let t(f) = d*h(f) + 2*b(f). Calculate t(5).
6
Suppose -2*z = -4*z + 2. Let s = z - 5. Let b(c) = 